he prime factors of 1722514.
2, 373, 2309
What are the prime factors of 7250759?
7250759
What are the prime factors of 131616?
2, 3, 457
List the prime factors of 6035469.
3, 11, 182893
List the prime factors of 347064.
2, 3, 14461
List the prime factors of 31296521.
1867, 16763
List the prime factors of 317010.
2, 3, 5, 10567
What are the prime factors of 325692?
2, 3, 83, 109
What are the prime factors of 13545?
3, 5, 7, 43
What are the prime factors of 323469?
3, 127, 283
What are the prime factors of 401388?
2, 3, 13, 31, 83
What are the prime factors of 30083300?
2, 5, 13, 73, 317
What are the prime factors of 4269153?
3, 7, 203293
List the prime factors of 2941540.
2, 5, 7, 21011
What are the prime factors of 3999099?
3, 13, 41, 61
List the prime factors of 13942264.
2, 7, 5081
What are the prime factors of 918464?
2, 113, 127
List the prime factors of 76181.
7, 10883
What are the prime factors of 4387?
41, 107
List the prime factors of 196733.
113, 1741
What are the prime factors of 84650?
2, 5, 1693
What are the prime factors of 127364?
2, 17, 1873
List the prime factors of 58601.
58601
What are the prime factors of 20051472?
2, 3, 7, 83, 719
What are the prime factors of 521488?
2, 11, 2963
List the prime factors of 164176.
2, 31, 331
What are the prime factors of 11526309?
3, 941, 1361
What are the prime factors of 157791?
3, 149, 353
What are the prime factors of 1437733?
11, 29, 4507
List the prime factors of 889172.
2, 222293
List the prime factors of 2638908.
2, 3, 73303
List the prime factors of 17549.
7, 23, 109
List the prime factors of 7395278.
2, 11, 30559
List the prime factors of 214125.
3, 5, 571
What are the prime factors of 3288756?
2, 3, 53, 5171
What are the prime factors of 821540?
2, 5, 41077
What are the prime factors of 7261522?
2, 79, 45959
List the prime factors of 2000891.
113, 17707
What are the prime factors of 431217?
3, 15971
What are the prime factors of 144208?
2, 9013
What are the prime factors of 8906262?
2, 3, 1484377
List the prime factors of 27719.
53, 523
What are the prime factors of 209956?
2, 52489
List the prime factors of 2980466.
2, 1490233
List the prime factors of 3976424.
2, 23, 21611
What are the prime factors of 514531?
514531
List the prime factors of 503888.
2, 7, 11, 409
What are the prime factors of 7217710?
2, 5, 823, 877
List the prime factors of 174905.
5, 34981
What are the prime factors of 2574359?
29, 88771
List the prime factors of 259898.
2, 29, 4481
List the prime factors of 497839.
497839
List the prime factors of 687270.
2, 3, 5, 31, 739
What are the prime factors of 9234916?
2, 59, 109, 359
What are the prime factors of 71967?
3, 7, 23, 149
What are the prime factors of 1110880?
2, 5, 53, 131
List the prime factors of 5090076.
2, 3, 31, 4561
List the prime factors of 56034.
2, 3, 11, 283
List the prime factors of 491842.
2, 13, 18917
List the prime factors of 249681.
3, 83227
List the prime factors of 85974.
2, 3, 7, 23, 89
What are the prime factors of 590606?
2, 197, 1499
List the prime factors of 528344.
2, 211, 313
List the prime factors of 1191900.
2, 3, 5, 29, 137
List the prime factors of 564060.
2, 3, 5, 7, 17, 79
What are the prime factors of 5728492?
2, 7, 11, 2657
List the prime factors of 4922988.
2, 3, 7, 103, 569
What are the prime factors of 305903?
13, 23531
What are the prime factors of 99244?
2, 43, 577
What are the prime factors of 10479486?
2, 3, 1746581
List the prime factors of 4217631.
3, 11, 127807
What are the prime factors of 1622634?
2, 3, 13, 71, 293
What are the prime factors of 3624434?
2, 11, 17, 881
What are the prime factors of 403830?
2, 3, 5, 7, 641
What are the prime factors of 208945?
5, 11, 29, 131
List the prime factors of 19767727.
7, 97, 4159
What are the prime factors of 6731223?
3, 2243741
What are the prime factors of 923118?
2, 3, 7, 31, 709
List the prime factors of 8485973.
8485973
What are the prime factors of 1560853?
7, 222979
What are the prime factors of 28612878?
2, 3, 7, 681259
What are the prime factors of 38789?
79, 491
What are the prime factors of 7805758?
2, 3902879
List the prime factors of 342369.
3, 109, 349
List the prime factors of 8895844.
2, 311, 7151
List the prime factors of 12867988.
2, 7, 83, 113
List the prime factors of 16887722.
2, 503, 16787
What are the prime factors of 23779259?
7, 97, 5003
What are the prime factors of 3009104?
2, 7, 67, 401
What are the prime factors of 3496619?
7, 79, 6323
What are the prime factors of 4292979?
3, 1430993
List the prime factors of 63595.
5, 7, 23, 79
What are the prime factors of 270111?
3, 179, 503
List the prime factors of 268204.
2, 19, 3529
List the prime factors of 1781963.
29, 43, 1429
What are the prime factors of 40920?
2, 3, 5, 11, 31
List the prime factors of 155993.
47, 3319
List the prime factors of 24527.
24527
What are the prime factors of 323870?
2, 5, 139, 233
What are the prime factors of 3450688?
2, 53917
List the prime factors of 1674078.
2, 3, 7, 23, 1733
What are the prime factors of 11630691?
3, 37, 53, 659
What are the prime factors of 9357174?
2, 3, 17, 10193
What are the prime factors of 4895904?
2, 3, 13, 3923
List the prime factors of 116655.
3, 5, 7, 11, 101
What are the prime factors of 2850065?
5, 570013
List the prime factors of 169241.
169241
List the prime factors of 14018.
2, 43, 163
What are the prime factors of 463400?
2, 5, 7, 331
List the prime factors of 30630.
2, 3, 5, 1021
List the prime factors of 1371961.
29, 47309
List the prime factors of 617153.
617153
List the prime factors of 8503443.
3, 13, 72679
What are the prime factors of 25788649?
25788649
What are the prime factors of 6576453?
3, 13, 56209
What are the prime factors of 1416948?
2, 3, 13, 31, 293
List the prime factors of 163336.
2, 17, 1201
List the prime factors of 4506178.
2, 197, 11437
List the prime factors of 2756737.
17, 31, 5231
List the prime factors of 372908.
2, 53, 1759
List the prime factors of 2244318.
2, 3, 19, 19687
List the prime factors of 957442.
2, 487, 983
List the prime factors of 8473416.
2, 3, 7, 31, 1627
List the prime factors of 1207213.
7, 71, 347
List the prime factors of 3705156.
2, 3, 7, 13, 29
What are the prime factors of 274920?
2, 3, 5, 29, 79
List the prime factors of 5625742.
2, 17, 165463
List the prime factors of 241302.
2, 3, 131, 307
List the prime factors of 15585839.
31, 502769
List the prime factors of 363655.
5, 257, 283
What are the prime factors of 530416?
2, 33151
List the prime factors of 1015614.
2, 3, 17, 3319
List the prime factors of 13305201.
3, 7, 13, 23, 163
List the prime factors of 340160.
2, 5, 1063
What are the prime factors of 4074463?
4074463
What are the prime factors of 2070926?
2, 11, 13, 557
What are the prime factors of 4568521?
4568521
What are the prime factors of 212220?
2, 3, 5, 131
What are the prime factors of 1764459?
3, 196051
List the prime factors of 8805025.
5, 352201
What are the prime factors of 7500?
2, 3, 5
List the prime factors of 644081.
19, 109, 311
What are the prime factors of 7432323?
3, 29, 85429
What are the prime factors of 11118317?
7, 271, 5861
What are the prime factors of 327676?
2, 81919
What are the prime factors of 6564430?
2, 5, 23, 28541
What are the prime factors of 12185047?
7, 1740721
List the prime factors of 21258548.
2, 5314637
List the prime factors of 4354904.
2, 53, 10271
What are the prime factors of 9942665?
5, 1988533
What are the prime factors of 154629?
3, 23, 83
What are the prime factors of 9353543?
467, 20029
What are the prime factors of 11047692?
2, 3, 920641
List the prime factors of 246347.
17, 43, 337
What are the prime factors of 1112853?
3, 7, 197, 269
What are the prime factors of 602031?
3, 73, 2749
What are the prime factors of 23375713?
23375713
List the prime factors of 28549865.
5, 89, 64157
What are the prime factors of 4025162?
2, 139, 14479
What are the prime factors of 759846?
2, 3, 126641
List the prime factors of 5400154.
2, 461, 5857
What are the prime factors of 1162497?
3, 7, 197, 281
What are the prime factors of 2240291?
2240291
List the prime factors of 164806.
2, 19, 4337
List the prime factors of 679492.
2, 11, 15443
What are the prime factors of 205762?
2, 102881
List the prime factors of 1684923.
3, 53, 10597
L